 + 3*x + 39, 0 = -2*x + 10. What is the units digit of l/20 + -2 - z/(-5)?
4
Suppose -5*q + q + 7137 = -3*u, -7*u = -7. What is the units digit of q?
5
Suppose 7*o - 49956 = -5*o. Let j = o - 2880. What is the tens digit of j?
8
Suppose -113 = 5*u - 463. Let a = -65 + u. What is the units digit of (-5)/75*-9 - (-137)/a?
8
Let u(r) = -r**3 + 6*r**2 - 3*r - 10. Let s be u(4). Suppose 1709 = -s*y + 6379. What is the tens digit of y?
6
Suppose 653*l = 649*l + 24000. Suppose -26*q + 34*q - l = 0. What is the hundreds digit of q?
7
Let y(c) = 4*c**2 - 128*c + 104. What is the hundreds digit of y(36)?
6
Let c = -424 + 429. Suppose -13*h - j = -12*h - 516, -c*h + 5*j = -2550. What is the tens digit of h?
1
Let o = -457 - -458. What is the units digit of 3*74 + (-4 + 3)*o?
1
Let j(b) = b**3 - 16*b**2 + 16*b. Let y be j(15). Let d = -13 + y. Suppose 3*v - v - 4*q = 62, -d*q = -4*v + 118. What is the tens digit of v?
2
Let o = 58435 + -27234. What is the ten thousands digit of o?
3
What is the tens digit of -34 + (16 - -10) - (44534/(-2) + 2)?
5
Suppose 11 = -15*h + 86. What is the hundreds digit of 660 - (16/(h - 1))/4?
6
Suppose 0 = -24*o + 30*o + 24. What is the tens digit of 117/42*o*231/(-11)?
3
Let c(b) be the third derivative of -b**4/3 - 16*b**3/3 - 20*b**2. Let o = -44 - -39. What is the units digit of c(o)?
8
Let a = 543 - 312. Let r = 265 - a. What is the units digit of r?
4
Let s(h) = 9*h**2 - 54*h - 47. What is the thousands digit of s(-25)?
6
Let i be -4 + 4/(-16) - 3/(-12). Let q be 4 + 0/(-3*i/12). Suppose 4*m - 605 = z - 127, -q*m = 5*z - 490. What is the units digit of m?
0
Let m(l) = -12*l + 8*l**2 + 16*l + 53*l**2 - 2*l**2 - 13. Let z be m(3). What is the units digit of 4/2 - z/(-3 + -2)?
8
Let r = -2530 + -18. Let h = -1168 - r. What is the units digit of h?
0
What is the tens digit of 25547/177*(53 - 2/1)?
6
What is the hundreds digit of 127516/13 - (-796)/10348?
8
Let w(z) = 172*z**2 + 10*z - 11. Suppose -i - 15 = -16*i. What is the units digit of w(i)?
1
Suppose -81 + 83 = o. What is the hundreds digit of 289/51*126/o?
3
Let d(l) = -27*l + 9252. Let v be d(0). Suppose 0 = 21*f - 93 - v. What is the units digit of f?
5
Let c = -30359 + 61809. What is the thousands digit of c?
1
Let c(g) = 3694*g + 2423. What is the hundreds digit of c(3)?
5
Let k be (-3*(-18)/24)/((-6)/(-32)). Suppose o + j + 0 = 3, -k = 4*j. Let y = o + 47. What is the units digit of y?
3
Suppose -2040 = -5*m - 0*m - y, 5*m - 5*y = 2010. Suppose d + 104 = -2*g - 242, 0 = 5*d + 20. Let r = m + g. What is the units digit of r?
6
Suppose -a - 17 + 21 = 0. Suppose -l = 2*n - 489, -3*l = -a*n - 8 + 961. What is the hundreds digit of n?
2
Suppose -104 = 15*d + 121. Let s be (-1)/(2/(-5)*d/(-54)). Let z(q) = q**3 - 10*q**2 + 32*q - 21. What is the units digit of z(s)?
6
Suppose 21853 = 4*v + 36*d - 33*d, -v - 5*d + 5476 = 0. What is the units digit of v?
1
Let c = 14358 - 11933. What is the hundreds digit of c?
4
Suppose -2*s = 5*z - 87059, 0 = -5*z + 57*s - 54*s + 87074. What is the tens digit of z?
1
Let p = -234 + 228. What is the units digit of 1/((-2)/2)*(p + -185)?
1
Suppose -34*j - 5*b + 1267 = -30*j, 5*b = -2*j + 621. What is the hundreds digit of j?
3
Suppose 6473 = 6*o + 2471. Suppose -o = -u + 4*y, -20*y = -3*u - 25*y + 1984. What is the tens digit of u?
6
Let r(u) = -u**2 - 3*u + 919. Let o be r(0). Suppose 2*y - q - 1833 = 0, 12*q - o = -y + 10*q. What is the units digit of y?
7
Let v(a) = a**3 + 17*a**2 + 19*a + 22. Let l be v(-16). Let z = 21 - l. Suppose 0 = -2*d + 5*o + 160, 2*d + o - z = 89. What is the tens digit of d?
7
Suppose 3*o - 10 = 4*o. Let d(l) = -l**3 - 11*l**2 - 5*l - 15. Let x be d(o). Let z = x - -94. What is the units digit of z?
9
Suppose 5*x + l = 974, -3*l = 3*x - 4*l - 586. Let r = 174 + x. What is the units digit of r?
9
Let x be ((-1)/(-2))/(2*(-7)/(-3276)). Suppose 1 = -j + 4, -4*p - j = x. What is the units digit of 10/p + (1 - 1484/(-6))?
8
Let a(f) = 21*f**2 - 9*f + 1130. What is the thousands digit of a(21)?
0
Let x(v) = 145*v**3 + v**2 - 6*v + 30. Let y be x(6). Suppose 83*t - 61*t - y = 0. What is the units digit of t?
5
Let k = -8 - 993. Let x = k - -1509. Suppose 22*h = 26*h - x. What is the tens digit of h?
2
Suppose -3*o = 2*t + 3*t + 501, -388 = 4*t - 4*o. What is the hundreds digit of (-1124)/(-1) - 9/(t/22)?
1
Suppose -4*a + 7 = -3*a - m, -a - 4*m + 2 = 0. Let z be a - (24/(-4))/(-2). Suppose d = -3*g + 3*d + 70, z*d + 92 = 4*g. What is the tens digit of g?
2
What is the thousands digit of 180388/10 + 88/440?
8
What is the thousands digit of (261/174)/((-6)/(-44)) - -33182?
3
Suppose -n = g - 6822, 7386 = 2*n + 3*g - 6253. What is the tens digit of n?
2
Suppose 3*q = 2*h + 7, -5*h + 10 = 2*q - 1. Suppose -3*t = 2*i - 1223, 0 = 5*t + q*i - 695 - 1342. What is the units digit of t?
5
Let y = -3377 - -8967. What is the thousands digit of y?
5
Let q be (-1)/((-9)/516)*3. Let y(h) = 2*h**2 - 6*h - 10. Let b be y(-4). Suppose b*m - q = 42*m. What is the tens digit of m?
4
Let l be (0 + 1)/(-4*(-3)/24). What is the hundreds digit of (-3 + l + -668)/((-30)/20)?
4
What is the tens digit of (-2)/22 - (10 + (-774473)/77)?
4
What is the thousands digit of (1*2/4)/(8 - (-316986)/(-39624))?
3
Suppose 14*q + 7 = -7. What is the hundreds digit of (q + (-22)/(-14))/((-92)/(-50554))?
3
What is the tens digit of (-342696)/(-46) - (-4)/46*1?
5
Let u(y) = 132*y + 21 + 3*y**2 + 6*y**2 - 140*y. Let g be u(4). Let k = g - 31. What is the hundreds digit of k?
1
Suppose 2*q - 37*y = -39*y + 6, q - 4*y + 12 = 0. Suppose -5*d - 4*k = -223, -4*d + k + 166 = -2*k. Suppose w - d - 146 = q. What is the units digit of w?
9
Let h(c) = -191*c - 3184. What is the thousands digit of h(-23)?
1
Let u be 262 - (4 + 28/(-7)). Suppose u = -2*q + 832. What is the units digit of q?
5
Suppose -2*d = 3*d - 5, 0 = 4*w - d - 1567. Let l = w - -328. What is the hundreds digit of l?
7
What is the thousands digit of 6 + -5 + (-2)/(-1) + 2518?
2
Let f(u) = -1. Let q(c) = c**2 - 26*c + 41. Let s(y) = 6*f(y) + q(y). What is the hundreds digit of s(31)?
1
Suppose 2*k = 4*k - 3454. Suppose -188 + k = 9*f. What is the hundreds digit of f?
1
Let k(x) = x**3 + 9*x**2 + 9*x + 10. Let h = -89 - -119. Suppose -h = 3*j - 4*o, -5*j - 42 + 0 = -4*o. What is the tens digit of k(j)?
6
Suppose -2*j - 5*k - 13 = 0, -5*k = 5*j - 6*k - 35. What is the hundreds digit of 3 + (1043 - j) + 1?
0
Suppose 2347730 = 43*o - 167512. What is the ten thousands digit of o?
5
Suppose -61 = k - 234. Let c = k + 26. Suppose 8*i - 1393 - c = 0. What is the hundreds digit of i?
1
Suppose -v - 243 - 276 = -4*a, -2*v - 1058 = 2*a. Let d = v - -879. Suppose -5*q = -2*q + 2*j - d, 5*j - 474 = -4*q. What is the hundreds digit of q?
1
Let p(l) = -5*l + 38. Let o = 6 + 47. Let v = o - 60. What is the tens digit of p(v)?
7
Suppose -9*n + 4200 = -n. Suppose -2660 = -5*x - 2*r, r = -0*x + x - n. What is the hundreds digit of x?
5
Let k(r) = r**2 - 3*r - 10. Suppose 10 + 18 = -14*i. Let q be k(i). Suppose 6*s = s + 20, q = 4*p + 4*s - 1056. What is the units digit of p?
0
Let u = -16177 + 33880. What is the hundreds digit of u?
7
Suppose 3*t = -2*t + 285. Let p = t - 29. Let x = 108 - p. What is the units digit of x?
0
Let l(y) = -y**3 - 16*y**2 - 23*y - 16. Let w be l(-6). Let z = 538 + w. What is the hundreds digit of z?
3
Suppose -f + 5*j = 10, 2 = -3*f + 2*j - 2. Suppose -n + 16 = -z, 0 = -f*n - n. What is the tens digit of 94 - (3 + -3) - z/(-4)?
9
Suppose 0*c = c + 60. Let v = 63 + c. Suppose 0 = -5*p + 2*u + u + 751, -444 = -v*p + 4*u. What is the units digit of p?
2
Let h be 2542/(-3) - (13/(-3) - -4). Let p = 1206 + h. What is the units digit of p?
9
Let m be 3 + 18/(-3) + 3. Let x(s) be the third derivative of -s**5/60 + s**4/12 + 33*s**3/2 + 42*s**2. What is the tens digit of x(m)?
9
Let t(v) = -906*v + 13901. What is the ten thousands digit of t(-59)?
6
Let y(c) = c**3 + 7*c**2 + 14*c + 21. Let b be y(-5). Let r(p) = 28*p**2 + 1. Let f be r(-3). Suppose -q = b - f. What is the hundreds digit of q?
2
Let w be 6/(-24)*-12 - 4/(-1). What is the tens digit of (-81)/w - -11 - 550/(-7)?
7
Let x = 95 + -190. Let g = x + 97. Suppose r - g = 14. What is the tens digit of r?
1
Suppose -37*d = -35*d + 16. Let t